{"id":971,"date":"2021-04-14T12:43:56","date_gmt":"2021-04-14T10:43:56","guid":{"rendered":"http:\/\/biblioteka2.powiatlubaczowski.pl\/?page_id=971"},"modified":"2021-09-06T11:44:02","modified_gmt":"2021-09-06T09:44:02","slug":"glowna","status":"publish","type":"page","link":"http:\/\/biblioteka2.powiatlubaczowski.pl\/index.php\/glowna\/","title":{"rendered":""},"content":{"rendered":"<h5>Godziny pracy biblioteki<\/h5>\n<p><h4><strong>Pn &#8211; Pt 7:00 &#8211; 18:00<\/strong><\/h4>\n<\/p>\n<h2 style=\"text-align: center;\"><strong>Aktualno\u015bci<\/strong><\/h2>\n<p>\t\t\t\t\t\t\t<img decoding=\"async\" width=\"1422\" height=\"640\" src=\"http:\/\/biblioteka2.powiatlubaczowski.pl\/wp-content\/uploads\/2021\/07\/10-1.jpg\" alt=\"\" loading=\"lazy\" \/><br \/>\n\t\t\t\t\t\t\t\t<a href=\"http:\/\/biblioteka2.powiatlubaczowski.pl\/index.php\/2021\/07\/26\/wspomnienia-o-wakacjach-w-bibliotece\/\" target=\"_self\" rel=\"noopener\"><\/a><\/p>\n<h2>\n\t\t\t<a href=\"http:\/\/biblioteka2.powiatlubaczowski.pl\/index.php\/2021\/07\/26\/wspomnienia-o-wakacjach-w-bibliotece\/\" target=\"_self\" rel=\"noopener\"><br \/>\n\t\t\t\tWspomnienia o wakacjach w bibliotece\t\t\t<\/a><br \/>\n\t\t<\/h2>\n<p>\t\t\t\t\t\t\t\u2022<br \/>\n\t\t\t\t\t26 lipca 2021<\/p>\n<p>Wyczekane, upragnione, wype\u0142nione beztrosk\u0105 zabaw\u0105 i nowymi przyja\u017aniami wakacje to\u00a0niezwyk\u0142y czas, gdzie za\u00a0ka\u017cdym rogiem mog\u0105 czeka\u0107 na\u00a0nas fascynuj\u0105ce przygody. Lato w Powiatowej Bibliotece Publicznej w \u2026<\/p>\n<p>\t\t\t\t\t\t\t<img decoding=\"async\" width=\"1547\" height=\"2187\" src=\"http:\/\/biblioteka2.powiatlubaczowski.pl\/wp-content\/uploads\/2021\/07\/Plakat-42x59.4-\u0441m.jpeg\" alt=\"\" loading=\"lazy\" \/><br \/>\n\t\t\t\t\t\t\t\t<a href=\"http:\/\/biblioteka2.powiatlubaczowski.pl\/index.php\/2021\/07\/01\/wakacje-w-bibliotece\/\" target=\"_self\" rel=\"noopener\"><\/a><\/p>\n<h2>\n\t\t\t<a href=\"http:\/\/biblioteka2.powiatlubaczowski.pl\/index.php\/2021\/07\/01\/wakacje-w-bibliotece\/\" target=\"_self\" rel=\"noopener\"><br \/>\n\t\t\t\tWakacje w bibliotece\t\t\t<\/a><br \/>\n\t\t<\/h2>\n<p>\t\t\t\t\t\t\t\u2022<br \/>\n\t\t\t\t\t1 lipca 2021<\/p>\n<p>Drodzy Czytelnicy! Zapraszamy naszych najm\u0142odszych mi\u0142o\u015bnik\u00f3w ksi\u0105\u017cek do udzia\u0142u w bezp\u0142atnych zaj\u0119ciach wakacyjnych, kt\u00f3re odbywa\u0107 si\u0119 b\u0119d\u0105 w bibliotece od 12 do 23 lipca. Spotyka\u0107 \u2026<\/p>\n<p>\t\t\t\t\t\t\t<img decoding=\"async\" width=\"1200\" height=\"628\" src=\"http:\/\/biblioteka2.powiatlubaczowski.pl\/wp-content\/uploads\/2021\/06\/Reklama-na-Facebook-1200x628-px.jpeg\" alt=\"\" loading=\"lazy\" \/><br \/>\n\t\t\t\t\t\t\t\t<a href=\"http:\/\/biblioteka2.powiatlubaczowski.pl\/index.php\/2021\/06\/24\/1187\/\" target=\"_self\" rel=\"noopener\"><\/a><\/p>\n<h2>\n\t\t\t<a href=\"http:\/\/biblioteka2.powiatlubaczowski.pl\/index.php\/2021\/06\/24\/1187\/\" target=\"_self\" rel=\"noopener\"><br \/>\n\t\t\t\tZmiana godzin pracy w wakacje\t\t\t<\/a><br \/>\n\t\t<\/h2>\n<p>\t\t\t\t\t\t\t\u2022<br \/>\n\t\t\t\t\t24 czerwca 2021<\/p>\n<h2>\n\t\t\t<a href=\"http:\/\/biblioteka2.powiatlubaczowski.pl\/index.php\/2021\/06\/02\/informacja\/\" target=\"_self\" rel=\"noopener\"><br \/>\n\t\t\t\tinformacja\t\t\t<\/a><br \/>\n\t\t<\/h2>\n<p>\t\t\t\t\t\t\t\u2022<br \/>\n\t\t\t\t\t2 czerwca 2021<\/p>\n<p>4 czerwca(pi\u0105tek) biblioteka b\u0119dzie nieczynna.<\/p>\n<p>\t\t\t\t\t\t\t<img decoding=\"async\" width=\"940\" height=\"788\" src=\"http:\/\/biblioteka2.powiatlubaczowski.pl\/wp-content\/uploads\/2021\/05\/Brazowy-Vintage-Zdjecie-Kolaz-Post-na-Facebooku.png\" alt=\"\" loading=\"lazy\" \/><br \/>\n\t\t\t\t\t\t\t\t<a href=\"http:\/\/biblioteka2.powiatlubaczowski.pl\/index.php\/2021\/05\/26\/1172\/\" target=\"_self\" rel=\"noopener\"><\/a><\/p>\n<h2>\n\t\t\t<a href=\"http:\/\/biblioteka2.powiatlubaczowski.pl\/index.php\/2021\/05\/26\/1172\/\" target=\"_self\" rel=\"noopener\"><br \/>\n\t\t\t\t27 i 28 maja 2021r. Biblioteka czynna od 7:00 do 15:00\t\t\t<\/a><br \/>\n\t\t<\/h2>\n<p>\t\t\t\t\t\t\t\u2022<br \/>\n\t\t\t\t\t26 maja 2021<\/p>\n<p>\t\t\t\t\t\t\t<img decoding=\"async\" width=\"2000\" height=\"1600\" src=\"http:\/\/biblioteka2.powiatlubaczowski.pl\/wp-content\/uploads\/2021\/04\/Wyroznienia_-kategoria-I.jpg\" alt=\"\" loading=\"lazy\" \/><br \/>\n\t\t\t\t\t\t\t\t<a href=\"http:\/\/biblioteka2.powiatlubaczowski.pl\/index.php\/2021\/04\/23\/wyniki-konkursu-zakladka-piekniejsza-niz-oklada\/\" target=\"_self\" rel=\"noopener\"><\/a><\/p>\n<h2>\n\t\t\t<a href=\"http:\/\/biblioteka2.powiatlubaczowski.pl\/index.php\/2021\/04\/23\/wyniki-konkursu-zakladka-piekniejsza-niz-oklada\/\" target=\"_self\" rel=\"noopener\"><br \/>\n\t\t\t\tWyniki konkursu \u201eZak\u0142adka pi\u0119kniejsza ni\u017c ok\u0142ada\u201d\t\t\t<\/a><br \/>\n\t\t<\/h2>\n<p>\t\t\t\t\t\t\t\u2022<br \/>\n\t\t\t\t\t23 kwietnia 2021<\/p>\n<p>Dzisiaj przypada \u015awiatowy Dzie\u0144 Ksi\u0105\u017cki i Praw Autorskich, wi\u0119c jest to idealny czas na to, aby og\u0142osi\u0107 wyniku konkursu na najpi\u0119kniejsz\u0105 zak\u0142adk\u0119. Dostali\u015bmy od Was \u2026<\/p>\n<p>\t\t\t\t\t\t\t<img decoding=\"async\" width=\"1920\" height=\"1205\" src=\"http:\/\/biblioteka2.powiatlubaczowski.pl\/wp-content\/uploads\/2021\/04\/dzien-ziemi.jpg\" alt=\"\" loading=\"lazy\" \/><br \/>\n\t\t\t\t\t\t\t\t<a href=\"http:\/\/biblioteka2.powiatlubaczowski.pl\/index.php\/2021\/04\/22\/miedzynarodowy-dzien-ziemi\/\" target=\"_self\" rel=\"noopener\"><\/a><\/p>\n<h2>\n\t\t\t<a href=\"http:\/\/biblioteka2.powiatlubaczowski.pl\/index.php\/2021\/04\/22\/miedzynarodowy-dzien-ziemi\/\" target=\"_self\" rel=\"noopener\"><br \/>\n\t\t\t\tMi\u0119dzynarodowy Dzie\u0144 Ziemi\t\t\t<\/a><br \/>\n\t\t<\/h2>\n<p>\t\t\t\t\t\t\t\u2022<br \/>\n\t\t\t\t\t22 kwietnia 2021<\/p>\n<p>22 kwietnia \u2014\u00a0Mi\u0119dzynarodowy Dzie\u0144 Ziemi to\u00a0coroczne wydarzenie obchodzone w\u00a0celu promowania ochrony \u015brodowiska, rozszerzania \u015bwiadomo\u015bci ekologicznej i\u00a0\u017cycia w\u00a0zgodzie z\u00a0natur\u0105. Idea obchod\u00f3w tego \u015bwi\u0119ta zosta\u0142a zapocz\u0105tkowana w\u00a01970 \u2026<\/p>\n<p>\t\t\t\t\t\t\t<img decoding=\"async\" width=\"960\" height=\"720\" src=\"http:\/\/biblioteka2.powiatlubaczowski.pl\/wp-content\/uploads\/2021\/04\/67246078_2305058879717867_697871158409691136_n.jpg\" alt=\"\" loading=\"lazy\" \/><br \/>\n\t\t\t\t\t\t\t\t<a href=\"http:\/\/biblioteka2.powiatlubaczowski.pl\/index.php\/2021\/04\/22\/zmiana-godzin-otwarcia\/\" target=\"_self\" rel=\"noopener\"><\/a><\/p>\n<h2>\n\t\t\t<a href=\"http:\/\/biblioteka2.powiatlubaczowski.pl\/index.php\/2021\/04\/22\/zmiana-godzin-otwarcia\/\" target=\"_self\" rel=\"noopener\"><br \/>\n\t\t\t\tZmiana godzin otwarcia\t\t\t<\/a><br \/>\n\t\t<\/h2>\n<p>\t\t\t\t\t\t\t\u2022<br \/>\n\t\t\t\t\t22 kwietnia 2021<\/p>\n<p>Biblioteka ponownie otwarta jest w w godzinach od 7:00 do 18:00. Serdecznie Zapraszamy<\/p>\n<p>\t\t\t\t\t\t\t<img decoding=\"async\" width=\"940\" height=\"788\" src=\"http:\/\/biblioteka2.powiatlubaczowski.pl\/wp-content\/uploads\/2021\/04\/Niebieski-Nalesnik-Jedzenie-Otwarcie-Wpis-na-Facebook.jpg\" alt=\"\" loading=\"lazy\" \/><br \/>\n\t\t\t\t\t\t\t\t<a href=\"http:\/\/biblioteka2.powiatlubaczowski.pl\/index.php\/2021\/04\/22\/mala-ksiazka-wielki-czlowiek\/\" target=\"_self\" rel=\"noopener\"><\/a><\/p>\n<h2>\n\t\t\t<a href=\"http:\/\/biblioteka2.powiatlubaczowski.pl\/index.php\/2021\/04\/22\/mala-ksiazka-wielki-czlowiek\/\" target=\"_self\" rel=\"noopener\"><br \/>\n\t\t\t\tMa\u0142a Ksi\u0105\u017cka Wielki Cz\u0142owiek\t\t\t<\/a><br \/>\n\t\t<\/h2>\n<p>\t\t\t\t\t\t\t\u2022<br \/>\n\t\t\t\t\t22 kwietnia 2021<\/p>\n<p>Przypominamy, \u017ce nasza biblioteka uczestniczy w og\u00f3lnopolskiej akcji \u201eMa\u0142a ksi\u0105\u017cka Wielki Cz\u0142owiek\u201d.Program skierowany jest dla dzieci w wieku przedszkolnym i do ich rodzic\u00f3w.Ka\u017cde dziecko w \u2026<\/p>\n","protected":false},"excerpt":{"rendered":"<p>Godziny pracy biblioteki Pn &#8211; Pt 7:00 &#8211; 18:00 Aktualno\u015bci Wspomnienia o wakacjach w bibliotece \u2022 26 lipca 2021 Wyczekane,<\/p>\n","protected":false},"author":1,"featured_media":0,"parent":0,"menu_order":0,"comment_status":"closed","ping_status":"closed","template":"","meta":{"footnotes":""},"class_list":["post-971","page","type-page","status-publish","hentry"],"_links":{"self":[{"href":"http:\/\/biblioteka2.powiatlubaczowski.pl\/index.php\/wp-json\/wp\/v2\/pages\/971","targetHints":{"allow":["GET"]}}],"collection":[{"href":"http:\/\/biblioteka2.powiatlubaczowski.pl\/index.php\/wp-json\/wp\/v2\/pages"}],"about":[{"href":"http:\/\/biblioteka2.powiatlubaczowski.pl\/index.php\/wp-json\/wp\/v2\/types\/page"}],"author":[{"embeddable":true,"href":"http:\/\/biblioteka2.powiatlubaczowski.pl\/index.php\/wp-json\/wp\/v2\/users\/1"}],"replies":[{"embeddable":true,"href":"http:\/\/biblioteka2.powiatlubaczowski.pl\/index.php\/wp-json\/wp\/v2\/comments?post=971"}],"version-history":[{"count":44,"href":"http:\/\/biblioteka2.powiatlubaczowski.pl\/index.php\/wp-json\/wp\/v2\/pages\/971\/revisions"}],"predecessor-version":[{"id":1327,"href":"http:\/\/biblioteka2.powiatlubaczowski.pl\/index.php\/wp-json\/wp\/v2\/pages\/971\/revisions\/1327"}],"wp:attachment":[{"href":"http:\/\/biblioteka2.powiatlubaczowski.pl\/index.php\/wp-json\/wp\/v2\/media?parent=971"}],"curies":[{"name":"wp","href":"https:\/\/api.w.org\/{rel}","templated":true}]}}

<h5>Godziny pracy biblioteki</h5>
<p><h4><strong>Pn &#8211; Pt 7:00 &#8211; 18:00</strong></h4>
</p>
<h2 style="text-align: center;"><strong>Aktualności</strong></h2>
<p>							<img decoding="async" width="1422" height="640" src="http://biblioteka2.powiatlubaczowski.pl/wp-content/uploads/2021/07/10-1.jpg" alt="" loading="lazy" /><br />
								<a href="http://biblioteka2.powiatlubaczowski.pl/index.php/2021/07/26/wspomnienia-o-wakacjach-w-bibliotece/" target="_self" rel="noopener"></a></p>
<h2>
			<a href="http://biblioteka2.powiatlubaczowski.pl/index.php/2021/07/26/wspomnienia-o-wakacjach-w-bibliotece/" target="_self" rel="noopener"><br />
				Wspomnienia o wakacjach w bibliotece			</a><br />
		</h2>
<p>							•<br />
					26 lipca 2021</p>
<p>Wyczekane, upragnione, wypełnione beztroską zabawą i nowymi przyjaźniami wakacje to niezwykły czas, gdzie za każdym rogiem mogą czekać na nas fascynujące przygody. Lato w Powiatowej Bibliotece Publicznej w …</p>
<p>							<img decoding="async" width="1547" height="2187" src="http://biblioteka2.powiatlubaczowski.pl/wp-content/uploads/2021/07/Plakat-42x59.4-сm.jpeg" alt="" loading="lazy" /><br />
								<a href="http://biblioteka2.powiatlubaczowski.pl/index.php/2021/07/01/wakacje-w-bibliotece/" target="_self" rel="noopener"></a></p>
<h2>
			<a href="http://biblioteka2.powiatlubaczowski.pl/index.php/2021/07/01/wakacje-w-bibliotece/" target="_self" rel="noopener"><br />
				Wakacje w bibliotece			</a><br />
		</h2>
<p>							•<br />
					1 lipca 2021</p>
<p>Drodzy Czytelnicy! Zapraszamy naszych najmłodszych miłośników książek do udziału w bezpłatnych zajęciach wakacyjnych, które odbywać się będą w bibliotece od 12 do 23 lipca. Spotykać …</p>
<p>							<img decoding="async" width="1200" height="628" src="http://biblioteka2.powiatlubaczowski.pl/wp-content/uploads/2021/06/Reklama-na-Facebook-1200x628-px.jpeg" alt="" loading="lazy" /><br />
								<a href="http://biblioteka2.powiatlubaczowski.pl/index.php/2021/06/24/1187/" target="_self" rel="noopener"></a></p>
<h2>
			<a href="http://biblioteka2.powiatlubaczowski.pl/index.php/2021/06/24/1187/" target="_self" rel="noopener"><br />
				Zmiana godzin pracy w wakacje			</a><br />
		</h2>
<p>							•<br />
					24 czerwca 2021</p>
<h2>
			<a href="http://biblioteka2.powiatlubaczowski.pl/index.php/2021/06/02/informacja/" target="_self" rel="noopener"><br />
				informacja			</a><br />
		</h2>
<p>							•<br />
					2 czerwca 2021</p>
<p>4 czerwca(piątek) biblioteka będzie nieczynna.</p>
<p>							<img decoding="async" width="940" height="788" src="http://biblioteka2.powiatlubaczowski.pl/wp-content/uploads/2021/05/Brazowy-Vintage-Zdjecie-Kolaz-Post-na-Facebooku.png" alt="" loading="lazy" /><br />
								<a href="http://biblioteka2.powiatlubaczowski.pl/index.php/2021/05/26/1172/" target="_self" rel="noopener"></a></p>
<h2>
			<a href="http://biblioteka2.powiatlubaczowski.pl/index.php/2021/05/26/1172/" target="_self" rel="noopener"><br />
				27 i 28 maja 2021r. Biblioteka czynna od 7:00 do 15:00			</a><br />
		</h2>
<p>							•<br />
					26 maja 2021</p>
<p>							<img decoding="async" width="2000" height="1600" src="http://biblioteka2.powiatlubaczowski.pl/wp-content/uploads/2021/04/Wyroznienia_-kategoria-I.jpg" alt="" loading="lazy" /><br />
								<a href="http://biblioteka2.powiatlubaczowski.pl/index.php/2021/04/23/wyniki-konkursu-zakladka-piekniejsza-niz-oklada/" target="_self" rel="noopener"></a></p>
<h2>
			<a href="http://biblioteka2.powiatlubaczowski.pl/index.php/2021/04/23/wyniki-konkursu-zakladka-piekniejsza-niz-oklada/" target="_self" rel="noopener"><br />
				Wyniki konkursu „Zakładka piękniejsza niż okłada”			</a><br />
		</h2>
<p>							•<br />
					23 kwietnia 2021</p>
<p>Dzisiaj przypada Światowy Dzień Książki i Praw Autorskich, więc jest to idealny czas na to, aby ogłosić wyniku konkursu na najpiękniejszą zakładkę. Dostaliśmy od Was …</p>
<p>							<img decoding="async" width="1920" height="1205" src="http://biblioteka2.powiatlubaczowski.pl/wp-content/uploads/2021/04/dzien-ziemi.jpg" alt="" loading="lazy" /><br />
								<a href="http://biblioteka2.powiatlubaczowski.pl/index.php/2021/04/22/miedzynarodowy-dzien-ziemi/" target="_self" rel="noopener"></a></p>
<h2>
			<a href="http://biblioteka2.powiatlubaczowski.pl/index.php/2021/04/22/miedzynarodowy-dzien-ziemi/" target="_self" rel="noopener"><br />
				Międzynarodowy Dzień Ziemi			</a><br />
		</h2>
<p>							•<br />
					22 kwietnia 2021</p>
<p>22 kwietnia — Międzynarodowy Dzień Ziemi to coroczne wydarzenie obchodzone w celu promowania ochrony środowiska, rozszerzania świadomości ekologicznej i życia w zgodzie z naturą. Idea obchodów tego święta została zapoczątkowana w 1970 …</p>
<p>							<img decoding="async" width="960" height="720" src="http://biblioteka2.powiatlubaczowski.pl/wp-content/uploads/2021/04/67246078_2305058879717867_697871158409691136_n.jpg" alt="" loading="lazy" /><br />
								<a href="http://biblioteka2.powiatlubaczowski.pl/index.php/2021/04/22/zmiana-godzin-otwarcia/" target="_self" rel="noopener"></a></p>
<h2>
			<a href="http://biblioteka2.powiatlubaczowski.pl/index.php/2021/04/22/zmiana-godzin-otwarcia/" target="_self" rel="noopener"><br />
				Zmiana godzin otwarcia			</a><br />
		</h2>
<p>							•<br />
					22 kwietnia 2021</p>
<p>Biblioteka ponownie otwarta jest w w godzinach od 7:00 do 18:00. Serdecznie Zapraszamy</p>
<p>							<img decoding="async" width="940" height="788" src="http://biblioteka2.powiatlubaczowski.pl/wp-content/uploads/2021/04/Niebieski-Nalesnik-Jedzenie-Otwarcie-Wpis-na-Facebook.jpg" alt="" loading="lazy" /><br />
								<a href="http://biblioteka2.powiatlubaczowski.pl/index.php/2021/04/22/mala-ksiazka-wielki-czlowiek/" target="_self" rel="noopener"></a></p>
<h2>
			<a href="http://biblioteka2.powiatlubaczowski.pl/index.php/2021/04/22/mala-ksiazka-wielki-czlowiek/" target="_self" rel="noopener"><br />
				Mała Książka Wielki Człowiek			</a><br />
		</h2>
<p>							•<br />
					22 kwietnia 2021</p>
<p>Przypominamy, że nasza biblioteka uczestniczy w ogólnopolskiej akcji „Mała książka Wielki Człowiek”.Program skierowany jest dla dzieci w wieku przedszkolnym i do ich rodziców.Każde dziecko w …</p>

<p>Godziny pracy biblioteki Pn &#8211; Pt 7:00 &#8211; 18:00 Aktualności Wspomnienia o wakacjach w bibliotece • 26 lipca 2021 Wyczekane,</p>
