{"id":22,"date":"2021-04-14T11:34:00","date_gmt":"2021-04-14T09:34:00","guid":{"rendered":"http:\/\/biblioteka2.powiatlubaczowski.pl\/?page_id=22"},"modified":"2021-09-06T11:42:29","modified_gmt":"2021-09-06T09:42:29","slug":"godziny-otwarcia","status":"publish","type":"page","link":"http:\/\/biblioteka2.powiatlubaczowski.pl\/index.php\/godziny-otwarcia\/","title":{"rendered":"Godziny Otwarcia"},"content":{"rendered":"\r\n<p class=\"has-text-align-center\">W naszej Bibliotece na wszystkich czeka mi\u0142a obs\u0142uga i fachowa pomoc. Jeste\u015bmy otwarci na wszelkie propozycje tematyczne odno\u015bnie zakupu literatury do Biblioteki, tak aby gromadzony ksi\u0119gozbi\u00f3r odzwierciedla\u0142 skal\u0119 zainteresowa\u0144 potencjalnych czytelnik\u00f3w powiatu lubaczowskiego.<\/p>\r\n\r\n\r\n\r\n<h4 class=\"has-text-align-center wp-block-heading\">Godziny otwarcia\u00a0Powiatowej Biblioteki Publicznej<\/h4>\r\n\r\n\r\n\r\n<h4 class=\"has-text-align-center wp-block-heading\"><strong>Poniedzia\u0142ek \u2013 pi\u0105tek od 7:00 do 18:00<\/strong><br \/>\u00a0<\/h4>\r\n\r\n\r\n\r\n<h4 class=\"has-text-align-center wp-block-heading\">Zapraszamy<\/h4>\r\n","protected":false},"excerpt":{"rendered":"<p>W naszej Bibliotece na wszystkich czeka mi\u0142a obs\u0142uga i fachowa pomoc. Jeste\u015bmy otwarci na wszelkie propozycje tematyczne odno\u015bnie zakupu literatury<\/p>\n","protected":false},"author":1,"featured_media":0,"parent":0,"menu_order":0,"comment_status":"closed","ping_status":"closed","template":"","meta":{"footnotes":""},"class_list":["post-22","page","type-page","status-publish","hentry"],"_links":{"self":[{"href":"http:\/\/biblioteka2.powiatlubaczowski.pl\/index.php\/wp-json\/wp\/v2\/pages\/22","targetHints":{"allow":["GET"]}}],"collection":[{"href":"http:\/\/biblioteka2.powiatlubaczowski.pl\/index.php\/wp-json\/wp\/v2\/pages"}],"about":[{"href":"http:\/\/biblioteka2.powiatlubaczowski.pl\/index.php\/wp-json\/wp\/v2\/types\/page"}],"author":[{"embeddable":true,"href":"http:\/\/biblioteka2.powiatlubaczowski.pl\/index.php\/wp-json\/wp\/v2\/users\/1"}],"replies":[{"embeddable":true,"href":"http:\/\/biblioteka2.powiatlubaczowski.pl\/index.php\/wp-json\/wp\/v2\/comments?post=22"}],"version-history":[{"count":4,"href":"http:\/\/biblioteka2.powiatlubaczowski.pl\/index.php\/wp-json\/wp\/v2\/pages\/22\/revisions"}],"predecessor-version":[{"id":1324,"href":"http:\/\/biblioteka2.powiatlubaczowski.pl\/index.php\/wp-json\/wp\/v2\/pages\/22\/revisions\/1324"}],"wp:attachment":[{"href":"http:\/\/biblioteka2.powiatlubaczowski.pl\/index.php\/wp-json\/wp\/v2\/media?parent=22"}],"curies":[{"name":"wp","href":"https:\/\/api.w.org\/{rel}","templated":true}]}}

<p class="has-text-align-center">W naszej Bibliotece na wszystkich czeka miła obsługa i fachowa pomoc. Jesteśmy otwarci na wszelkie propozycje tematyczne odnośnie zakupu literatury do Biblioteki, tak aby gromadzony księgozbiór odzwierciedlał skalę zainteresowań potencjalnych czytelników powiatu lubaczowskiego.</p>



<h4 class="has-text-align-center wp-block-heading">Godziny otwarcia Powiatowej Biblioteki Publicznej</h4>



<h4 class="has-text-align-center wp-block-heading"><strong>Poniedziałek – piątek od 7:00 do 18:00</strong><br /> </h4>



<h4 class="has-text-align-center wp-block-heading">Zapraszamy</h4>

<p>W naszej Bibliotece na wszystkich czeka miła obsługa i fachowa pomoc. Jesteśmy otwarci na wszelkie propozycje tematyczne odnośnie zakupu literatury</p>
