{"id":10,"date":"2021-04-14T11:22:25","date_gmt":"2021-04-14T09:22:25","guid":{"rendered":"http:\/\/biblioteka2.powiatlubaczowski.pl\/?page_id=10"},"modified":"2021-04-14T11:36:47","modified_gmt":"2021-04-14T09:36:47","slug":"o-bibliotece","status":"publish","type":"page","link":"http:\/\/biblioteka2.powiatlubaczowski.pl\/index.php\/o-bibliotece\/","title":{"rendered":"O bibliotece"},"content":{"rendered":"\n<p>Powiatowa Biblioteka Publiczna w Lubaczowie zosta\u0142a utworzona na mocy Uchwa\u0142y Rady Powiatu Lubaczowskiego z dnia 20 pa\u017adziernika 2005 r. Nr XXIV\/216\/2005 i jest samorz\u0105dow\u0105 instytucj\u0105 kultury.<\/p>\n\n\n\n<p>Siedzib\u0105 Biblioteki jest miasto Lubacz\u00f3w, a terenem jej dzia\u0142alno\u015bci powiat lubaczowski. Bezpo\u015bredni nadz\u00f3r nad Bibliotek\u0105 sprawuje Zarz\u0105d Powiatu. Nadz\u00f3r merytoryczny nad Bibliotek\u0105 sprawuje Wojew\u00f3dzka i Miejska Biblioteka Publiczna w Rzeszowie.<\/p>\n\n\n\n<p>Uroczysta inauguracja dzia\u0142alno\u015bci Biblioteki odby\u0142a si\u0119 w dniu 26 czerwca 2007 r.<\/p>\n\n\n\n<p>Prawn\u0105 podstaw\u0105 funkcjonowania Powiatowej Biblioteki Publicznej jest:<\/p>\n\n\n\n<ol class=\"wp-block-list\"><li>Ustawa z dnia 27 czerwca 1997r. o bibliotekach (Dz. U. Nr 85, poz. 339)<\/li><li>Ustawa z dnia 25 pa\u017adziernika 1991r. o organizowaniu i prowadzeniu dzia\u0142alno\u015bci kulturalnej (tekst jednolity z 1997 r. z p\u00f3\u017aniejszymi zmianami Dz. U. Nr 110, poz. 721).<\/li><li>Ustawa z dnia 5 czerwca 1998 r. o samorz\u0105dzie powiatowym (Dz. U. Nr 91, poz. 578).<\/li><\/ol>\n\n\n\n<p><strong>Organizacja biblioteki<\/strong><\/p>\n\n\n\n<p><strong>Lokal:<\/strong><\/p>\n\n\n\n<p>Biblioteka mie\u015bci si\u0119 przy ul. Ko\u015bciuszki 161, dzieli lokal z Bibliotek\u0105 Szkoln\u0105 Zespo\u0142u Szk\u00f3\u0142 im. gen. J. Kustronia w Lubaczowie i zajmuje powierzchni\u0119 172 m2. Sk\u0142ada si\u0119 z 2 cz\u0119\u015bci: wypo\u017cyczalni i czytelni multimedialnej.<\/p>\n\n\n\n<p><strong>Kadra:<\/strong><\/p>\n\n\n\n<figure class=\"wp-block-table\"><table><tbody><tr><td>mgr Andrzej Nepelski<\/td><td>\u2013 dyrektor<\/td><\/tr><tr><td>Dorota Czerkowska mgr Justyna Zi\u0119tek<\/td><td>\u2013 bibliotekarz \u2013 bibliotekarz<\/td><\/tr><tr><td>mgr Alicja Czernysz-Kawa<\/td><td>\u2013 prac. administracji<\/td><\/tr><tr><td>Barbara Sopel<\/td><td>\u2013 prac. administracji<\/td><\/tr><\/tbody><\/table><\/figure>\n\n\n\n<p><strong>Zakres dzia\u0142alno\u015bci:<\/strong><\/p>\n\n\n\n<p>G\u0142\u00f3wnym celem Biblioteki jest zaspakajanie potrzeb czytelniczych i informacyjnych mieszka\u0144c\u00f3w powiatu, jak i r\u00f3wnie\u017c gromadzenie, opracowywanie i udost\u0119pnianie wszelkich materia\u0142\u00f3w bibliotecznych, ze szczeg\u00f3lnym uwzgl\u0119dnieniem tych o w\u0142asnym regionie.<\/p>\n\n\n\n<p>Publiczny charakter Biblioteki sprawia, \u017ce ma by\u0107 ona r\u00f3wnie\u017c centrum edukacyjnym i kulturalno-o\u015bwiatowym, wspieraj\u0105cym regionalne inicjatywy, punktem informacji o powiecie i dla powiatu, miejscem spotka\u0144 spo\u0142eczno\u015bci lokalnej, miejscem sprzyjaj\u0105cym poznawaniu historii, tradycji, kultury i obyczaj\u00f3w regionu. Biblioteka zamierza dzia\u0142a\u0107 aktywnie i nowocze\u015bnie, realizowa\u0107 projekty maj\u0105ce na celu rozpowszechnianie kultury regionalnej oraz wiedzy o powiecie lubaczowskim.<\/p>\n\n\n\n<p>Biblioteka pe\u0142ni te\u017c nadz\u00f3r merytoryczny nad 25 plac\u00f3wkami bibliotecznymi w powiecie. Nadz\u00f3r polega na udzielaniu instrukta\u017cu i pomocy metodycznej bibliotekom publicznym na terenie powiatu oraz na zapewnieniu sprawnego funkcjonowania sieci bibliotecznej.<\/p>\n","protected":false},"excerpt":{"rendered":"<p>Powiatowa Biblioteka Publiczna w Lubaczowie zosta\u0142a utworzona na mocy Uchwa\u0142y Rady Powiatu Lubaczowskiego z dnia 20 pa\u017adziernika 2005 r. Nr<\/p>\n","protected":false},"author":1,"featured_media":0,"parent":0,"menu_order":0,"comment_status":"closed","ping_status":"closed","template":"","meta":{"footnotes":""},"class_list":["post-10","page","type-page","status-publish","hentry"],"_links":{"self":[{"href":"http:\/\/biblioteka2.powiatlubaczowski.pl\/index.php\/wp-json\/wp\/v2\/pages\/10","targetHints":{"allow":["GET"]}}],"collection":[{"href":"http:\/\/biblioteka2.powiatlubaczowski.pl\/index.php\/wp-json\/wp\/v2\/pages"}],"about":[{"href":"http:\/\/biblioteka2.powiatlubaczowski.pl\/index.php\/wp-json\/wp\/v2\/types\/page"}],"author":[{"embeddable":true,"href":"http:\/\/biblioteka2.powiatlubaczowski.pl\/index.php\/wp-json\/wp\/v2\/users\/1"}],"replies":[{"embeddable":true,"href":"http:\/\/biblioteka2.powiatlubaczowski.pl\/index.php\/wp-json\/wp\/v2\/comments?post=10"}],"version-history":[{"count":3,"href":"http:\/\/biblioteka2.powiatlubaczowski.pl\/index.php\/wp-json\/wp\/v2\/pages\/10\/revisions"}],"predecessor-version":[{"id":33,"href":"http:\/\/biblioteka2.powiatlubaczowski.pl\/index.php\/wp-json\/wp\/v2\/pages\/10\/revisions\/33"}],"wp:attachment":[{"href":"http:\/\/biblioteka2.powiatlubaczowski.pl\/index.php\/wp-json\/wp\/v2\/media?parent=10"}],"curies":[{"name":"wp","href":"https:\/\/api.w.org\/{rel}","templated":true}]}}

<p>Powiatowa Biblioteka Publiczna w Lubaczowie została utworzona na mocy Uchwały Rady Powiatu Lubaczowskiego z dnia 20 października 2005 r. Nr XXIV/216/2005 i jest samorządową instytucją kultury.</p>



<p>Siedzibą Biblioteki jest miasto Lubaczów, a terenem jej działalności powiat lubaczowski. Bezpośredni nadzór nad Biblioteką sprawuje Zarząd Powiatu. Nadzór merytoryczny nad Biblioteką sprawuje Wojewódzka i Miejska Biblioteka Publiczna w Rzeszowie.</p>



<p>Uroczysta inauguracja działalności Biblioteki odbyła się w dniu 26 czerwca 2007 r.</p>



<p>Prawną podstawą funkcjonowania Powiatowej Biblioteki Publicznej jest:</p>



<ol class="wp-block-list"><li>Ustawa z dnia 27 czerwca 1997r. o bibliotekach (Dz. U. Nr 85, poz. 339)</li><li>Ustawa z dnia 25 października 1991r. o organizowaniu i prowadzeniu działalności kulturalnej (tekst jednolity z 1997 r. z późniejszymi zmianami Dz. U. Nr 110, poz. 721).</li><li>Ustawa z dnia 5 czerwca 1998 r. o samorządzie powiatowym (Dz. U. Nr 91, poz. 578).</li></ol>



<p><strong>Organizacja biblioteki</strong></p>



<p><strong>Lokal:</strong></p>



<p>Biblioteka mieści się przy ul. Kościuszki 161, dzieli lokal z Biblioteką Szkolną Zespołu Szkół im. gen. J. Kustronia w Lubaczowie i zajmuje powierzchnię 172 m2. Składa się z 2 części: wypożyczalni i czytelni multimedialnej.</p>



<p><strong>Kadra:</strong></p>



<figure class="wp-block-table"><table><tbody><tr><td>mgr Andrzej Nepelski</td><td>– dyrektor</td></tr><tr><td>Dorota Czerkowska mgr Justyna Ziętek</td><td>– bibliotekarz – bibliotekarz</td></tr><tr><td>mgr Alicja Czernysz-Kawa</td><td>– prac. administracji</td></tr><tr><td>Barbara Sopel</td><td>– prac. administracji</td></tr></tbody></table></figure>



<p><strong>Zakres działalności:</strong></p>



<p>Głównym celem Biblioteki jest zaspakajanie potrzeb czytelniczych i informacyjnych mieszkańców powiatu, jak i również gromadzenie, opracowywanie i udostępnianie wszelkich materiałów bibliotecznych, ze szczególnym uwzględnieniem tych o własnym regionie.</p>



<p>Publiczny charakter Biblioteki sprawia, że ma być ona również centrum edukacyjnym i kulturalno-oświatowym, wspierającym regionalne inicjatywy, punktem informacji o powiecie i dla powiatu, miejscem spotkań społeczności lokalnej, miejscem sprzyjającym poznawaniu historii, tradycji, kultury i obyczajów regionu. Biblioteka zamierza działać aktywnie i nowocześnie, realizować projekty mające na celu rozpowszechnianie kultury regionalnej oraz wiedzy o powiecie lubaczowskim.</p>



<p>Biblioteka pełni też nadzór merytoryczny nad 25 placówkami bibliotecznymi w powiecie. Nadzór polega na udzielaniu instruktażu i pomocy metodycznej bibliotekom publicznym na terenie powiatu oraz na zapewnieniu sprawnego funkcjonowania sieci bibliotecznej.</p>

<p>Powiatowa Biblioteka Publiczna w Lubaczowie została utworzona na mocy Uchwały Rady Powiatu Lubaczowskiego z dnia 20 października 2005 r. Nr</p>
